 of s?
2
Let r be 21200/175 - (-1)/(-7). Let g = -61 + r. Suppose -3*c + 0*c + 74 = 2*v, -4*v + g = 2*c. What is the tens digit of c?
2
Suppose -6*t + t = -15. What is the hundreds digit of (-6)/33 - (42952/(-44) + t)?
9
What is the tens digit of (28704 - -17)/7 + (-4)/2?
0
Let s(u) = -u**3 - 23*u**2 + 43*u + 9. Let g be (-2 + (-16)/(-6))*-39. What is the units digit of s(g)?
9
Let b(o) = -o + 35. Let k be b(31). Suppose 5*t + 487 = 3*m + t, -k*t + 801 = 5*m. What is the hundreds digit of m?
1
Let j(s) = 3*s**2 + 5*s - 4. Let q be j(5). Let p = 96 - q. Suppose -a = -p*a - 27. What is the units digit of a?
7
Let q = -30 - -30. Let p be (-35 - -1) + (-3 - q). Let c = p + 78. What is the units digit of c?
1
Suppose 0 = 1105*b - 1122*b + 613972. What is the tens digit of b?
1
Let v be -1 - (-14)/3 - (-1)/3. Let h be 5/10 - 2/v. Suppose h = s - 15 - 35. What is the tens digit of s?
5
Let r = 216 - 426. What is the units digit of (r/(-56))/(2/88)?
5
Let x(w) = 78*w + 105 + 521 - 95*w. What is the units digit of x(0)?
6
Let s = 31047 + 42. What is the thousands digit of s?
1
Let i = 354 - -4249. Suppose -7601 - i = -12*y. What is the tens digit of y?
1
Let l(m) = 18674*m**3 + 4*m**2 - 2*m. Let y be l(1). Suppose -y = -22*k - k. What is the units digit of k?
2
Let k = -575 - -496. Let s = k - -189. What is the hundreds digit of s?
1
Let c(p) = 801 - 4*p - 2*p**2 - 820 - p + 0*p - p**3. What is the units digit of c(-6)?
5
Let g(z) = 3*z**2 - 4*z - 6. Let b be g(0). What is the tens digit of (-3)/((3/1096)/(b/24))?
7
Let b(q) = -6*q + 9*q + 102*q**2 + 7 + 8*q + 3. What is the units digit of b(-1)?
1
Let f = -353 - -54. Let b = -106 - f. Suppose -l - 3*s + 78 = 7, 5*s - b = -3*l. What is the units digit of l?
6
Let i(f) = -2*f**3 + 81*f**2 - 4*f + 234. What is the hundreds digit of i(33)?
4
Let z be -3 + (-3)/((-3)/4). Let u be (-2 + (-1 - -4))/(z/2). Suppose 3*b - 2*b - o = 228, -3*b - u*o = -699. What is the tens digit of b?
3
Let q = -109 - -75. Let v be (-6)/15 + q*5/(-50). Suppose 3*p + 441 = v*s, 4*s = s - 3*p + 447. What is the units digit of s?
8
Suppose -67*v - 4*v = -68728. What is the hundreds digit of v?
9
What is the units digit of (24041 - 0) + ((-3)/(-39) - (-3074)/(-754))?
7
Let v(s) = -s**3 + s**2 - 2*s + 95. Let l be v(0). Suppose -l*x = -99*x + 56. Let z(m) = m**3 - 14*m**2 + 7*m - 26. What is the units digit of z(x)?
2
Suppose 7*p + 3*a - 82005 = 2*p, -65604 = -4*p - 2*a. What is the hundreds digit of p?
4
Suppose -7510 = -x - 2884. Suppose 9*a - 9171 = x. What is the thousands digit of a?
1
Suppose -5*q + 2*c + 885 = -763, q - 2*c = 336. Suppose 1648 = 5*k + 2*f, k + 5*f = 3*f + q. What is the hundreds digit of k?
3
Suppose 24*r + 585 - 2145 = 0. What is the hundreds digit of 2/(-5) - (-16536)/r?
2
Let r = 2007 - -4092. What is the hundreds digit of r?
0
Suppose 211*q - 9521820 = -104*q. What is the ten thousands digit of q?
3
What is the ten thousands digit of -6 + 1 + 1 + 27782 + 17 + -20?
2
Suppose 134*w + 6*w + 3*w = 328185. What is the tens digit of w?
9
Suppose -8*z = 23*z + 6*z - 1299810. What is the thousands digit of z?
5
What is the units digit of (668/835)/(0 - 2/(-1895))?
8
Let c(m) = 212*m + 18. Let k(n) = 213*n + 20. Let s(r) = -5*c(r) + 4*k(r). Let v(j) = -j + 8. Let l be v(9). What is the tens digit of s(l)?
9
Suppose -2*z = 5*j - 18887, 3*z - 33759 = 4*j - 5371. What is the hundreds digit of z?
4
Suppose 0 = -14*a - 45*a + 579 + 288639. What is the thousands digit of a?
4
Suppose -2*a = -91*r + 90*r - 7594, 6*r + 36 = 0. What is the hundreds digit of a?
7
Let a(g) = -2*g**3 + 12*g**2 + 13*g - 11. Let t be a(8). Let z = 57 - t. What is the hundreds digit of z?
2
Let q be 6 - (4 - (2 + 6)). Let d = -8 + q. Let w = 5 - d. What is the units digit of w?
3
Suppose 4*d = -4*w + 34268, -13*d + 25*d = -5*w + 102769. What is the thousands digit of d?
8
Suppose 21*t = 16*t + 2*h + 160597, -24 = 4*h. What is the ten thousands digit of t?
3
Let b(s) = 15*s**3 - 13*s**2 + 53*s - 27. What is the ten thousands digit of b(12)?
2
Let j(f) = -176*f - 50 + 49*f + 6*f. What is the units digit of j(-5)?
5
Let b(z) be the first derivative of z**4/4 + 19*z**3/3 - 13*z**2/2 + 64*z + 89. What is the tens digit of b(-19)?
1
Let o = -269 - -274. Suppose -2*z - j + 253 = 0, -13*j = -o*z - 9*j + 600. What is the tens digit of z?
2
Suppose -x - 3*c + 7914 = 0, 3*x - 28*c = -33*c + 23714. What is the hundreds digit of x?
8
Let f(c) = 269*c - 2090. What is the ten thousands digit of f(159)?
4
Let x = -2402 - -3451. What is the tens digit of x?
4
What is the ten thousands digit of (155/(-10) + -9)/((-19)/50122)?
6
Let u(b) = b**3 - 4. Let g be u(2). Suppose 2*n - 7*n + g*k + 2520 = 0, -5*n + 5*k + 2515 = 0. What is the hundreds digit of n?
5
Let r = -103 - -91. What is the units digit of 2/((-214)/(-606) - (-4)/r)?
1
What is the ten thousands digit of 350152/(-16)*(6/12 + 5/(-2))?
4
Let z be (0*(-2)/(-8))/(-2). Suppose 18*g - 7*g - 154 = z. Let a(f) = 6*f. What is the units digit of a(g)?
4
What is the thousands digit of (2 - 8)/((-27)/30006)?
6
Let o(h) = -h**3 - 7*h**2 - 10*h - 7. Let q = -3 + -15. Let p be (q/(-8))/((-18)/48). What is the units digit of o(p)?
7
Suppose 13*j + 126 = 6*j. What is the units digit of j/4*(-59264)/288?
6
Let v(l) = 15*l**3 + 5*l**2 - 19*l + 6. Let s be v(6). Suppose -768*k + 772*k = s. What is the hundreds digit of k?
8
Let l(g) = -4*g**2 + 10*g + 1. Let v(y) = y - 1. Let f(h) = -l(h) + 6*v(h). What is the units digit of f(-11)?
1
Let s(k) = 18*k**2 + 6*k + 6. Let t be s(6). Suppose -30*v + 339 = 279. Suppose v*i + 2*p - 686 = -2*i, -2*p = -4*i + t. What is the tens digit of i?
7
Let j be -5 - -1 - (-8 - -56)/(-8). Suppose -12 = j*f + f, 5*f - 3574 = -3*b. What is the thousands digit of b?
1
Let r(o) = o - 3. Let l be r(6). Suppose -m - 173 + 610 = 3*w, -5*w = l*m - 731. What is the tens digit of w?
4
Suppose 3*q + 2*i + 1 = 0, -10 = 2*q + 3*q + 5*i. Suppose 0*s - 545 = -3*r + 5*s, 931 = 5*r + q*s. What is the units digit of r?
5
Let q(b) = 4*b**3 - 2*b + 3. Let x be q(1). Suppose -x*t - 3*t = -128. Suppose -r + 101 = -2*c + t, -r - 3*c = -60. What is the tens digit of r?
7
Suppose -302*v - 4798750 = -427*v. What is the ten thousands digit of v?
3
Let o(s) = -s**2 - s - 2. Suppose -2*g - 2 = 5*m, -3*m = -0*m + g + 2. Let d be o(m). Let b(w) = -2*w**3 - 3*w**2 + 3*w + 6. What is the tens digit of b(d)?
7
Let d(k) = 467*k**2 + 221*k + 87. What is the thousands digit of d(-7)?
1
Suppose -2*f = -0*f + 3*k + 117, 0 = 3*f + 4*k + 173. What is the units digit of (-1269)/2*34/f?
3
Suppose -386 = -11*a + 318. Suppose a*n - 88 = 62*n. What is the tens digit of n?
4
Let a(w) be the second derivative of 109*w**3/2 + 101*w**2/2 + 113*w. What is the hundreds digit of a(3)?
0
Suppose -2*h + 3407 = 2*w + w, 0 = -w - h + 1137. What is the units digit of w?
3
Let s(u) be the third derivative of -13*u**4/24 - 3*u**3/2 - 32*u**2. Let c be s(-7). Suppose -c*r - 408 = -84*r. What is the tens digit of r?
0
Suppose 5752 + 300222 = 144*l - 158426. What is the units digit of l?
5
Suppose 8904 = -42*m - 8190. Let v = 790 + m. What is the units digit of v?
3
Let r = 3213 - -3966. What is the tens digit of r?
7
Suppose 0 = -2*i + b - 2, 3*i = -i - 3*b - 14. Let q be (22 + -2)/((-4)/i). Let o(p) = 12*p - 5. What is the hundreds digit of o(q)?
1
Let h be (3/(-1) + (-1 - -1))*-3. Let u(k) = 15*k + 9. Let m be u(h). Let v = m - 99. What is the units digit of v?
5
Suppose 2*p + 5 + 12 = -5*f, 0 = -5*f - 15. What is the units digit of (p - 0)/(-1*(-4)/(-1620))?
5
Let b(n) = 7*n**2 - 1. Let t be b(-1). Suppose 0 = -2*q + h + 12, 0*q + 5*h + 24 = q. Suppose -2*o = i - 31, 16 = t*o - q*o - 2*i. What is the units digit of o?
3
Suppose 0 = 2*t + 4*c - 4706, -8*c + 4726 = -0*t + 2*t. What is the hundreds digit of t?
3
Suppose 5*o - 5 = -5*c - 0*c, -5*o - 4*c + 6 = 0. Suppose 6*s - 3*s = -3*d - 15, -d + o*s = -1. Let x(p) = -37*p - 4. What is the tens digit of x(d)?
0
Let z be (-4)/(-6)*((-735)/10)/(-7). What is the tens digit of 13/((-182)/(-4)) - (-719)/z?
0
Let r(f) = 2*f**2 - 70*f - 642. What is the tens digit of r(66)?
5
Let b = 1318 + -116. Suppose -k = 3*g - b, 4*g = 5*g + 5*k - 424. What is the hundreds digit of g?
3
Suppose -165*x - 100764 = -336